 when 2622 is divided by l?
22
Let o(t) = -t**3 - t**2 + 2*t + 0*t - 2*t + 62. What is the remainder when o(0) is divided by 21?
20
Suppose -5*z + o + 100 = 0, -z + 11 + 9 = -2*o. Calculate the remainder when 39 - (-2 + 1 + 1) is divided by z.
19
Suppose y + 43*z - 45*z - 152 = 0, -3*z = 3*y - 438. Calculate the remainder when y is divided by 33.
16
Let w(a) = a**3 + 7*a**2 + 10*a - 2. Let l be w(-5). What is the remainder when 20 is divided by (2 - 4)/(l/8)?
4
Suppose 26*q - 20 = 22*q. Suppose q*h = -19 + 9. Let p(f) = 3*f**2 + 5*f + 2. Calculate the remainder when 5 is divided by p(h).
1
Suppose 63 - 245 = -2*j. Suppose -o - 5*d = 2*o - 131, 53 = o - 3*d. Calculate the remainder when j is divided by o.
44
Suppose 12 = 3*t - 21. Suppose 11*u - 888 + 217 = 0. Let z = u - 41. Calculate the remainder when z is divided by t.
9
Let a(i) = -i**2 + 8*i + 12. Let f be a(9). Let h(p) = 4*p**2 + p**2 + 1 + p + p - f*p**2. What is the remainder when h(-4) is divided by 14?
11
Suppose 5*j - s - 155 = 132, j - 51 = -3*s. Calculate the remainder when 338 is divided by j.
53
Let d be (3/(-2))/((-3)/6)*3. Let o = 39 + d. Calculate the remainder when o is divided by 25.
23
Suppose 564 = 13*u - 112. What is the remainder when u is divided by 11?
8
Let x be (-2)/3*-66 + 1. Suppose q + x = 3*r - 60, 4*r = q + 140. What is the remainder when 137 is divided by r?
32
Let x = 107 + -155. What is the remainder when 55 is divided by 62*(-6)/x - 3/4?
6
Suppose -16*g + 17*g - 143 = 0. Calculate the remainder when g is divided by 74.
69
Suppose 3*g - 293 - 129 = -2*i, -2*g + 303 = -3*i. Let d = 165 - g. What is the remainder when 39 is divided by d?
18
What is the remainder when 3/(-5) - (-7)/(-105)*-3039 is divided by 11?
4
Let y = 25 - 18. Suppose 5*b = -4*h + 315, -5 = 3*b + 2*b. Suppose -4*g + h = -0*g. Calculate the remainder when g is divided by y.
6
Suppose -43 = -3*j + d, 0*j = -2*j - d + 27. What is the remainder when (12/j + 0)*(74 + -11) is divided by 19?
16
Let m(t) = t**3 - 17*t**2 - 58*t + 25. What is the remainder when 255 is divided by m(20)?
60
Let r(x) be the third derivative of -x**6/120 - x**5/30 + x**4/24 + 4*x**3/3 + 10*x**2. What is the remainder when 26 is divided by r(0)?
2
Suppose -10*v = 4*v + 728. Let q = 83 + v. What is the remainder when q is divided by 18?
13
Let r = 190 + -35. Suppose -1115 = -4*m - r. What is the remainder when ((-24)/10)/((-18)/m) is divided by 11?
10
Let i be 4 - (2 + 2 + 0). Suppose 4*p - 3*u - 17 = 0, 4*p + 3*u + 1 = -i. Suppose -b - p*b + 21 = 0. What is the remainder when 12 is divided by b?
5
Suppose -2*k + 469 = 4*s - 193, -25 = 5*k. What is the remainder when 22 is divided by (s/(-96))/(2/(-8))?
1
Suppose -2*d = -4*c - 3*d + 153, 0 = -2*c - 2*d + 72. Suppose -i = -2*m + c, 5*m + 4*i - 12 = 53. Calculate the remainder when 82 is divided by m.
14
Let b = 130 + -61. Calculate the remainder when b is divided by 19.
12
Let o = -522 - -533. Calculate the remainder when o is divided by 6.
5
Let q = 248 + -151. Calculate the remainder when q is divided by 33.
31
Suppose 4*n + 0 = 24. Suppose -166 = -n*m + 170. Calculate the remainder when m is divided by 12.
8
Let t(c) = -c**3 + 11*c**2 - 7*c - 9. Let y = -82 - -123. What is the remainder when y is divided by t(10)?
20
Suppose 12*x - 247 - 365 = 0. What is the remainder when 98 is divided by x?
47
Suppose 2*z + 210 = -31*n + 33*n, n + 4*z = 80. What is the remainder when 799 is divided by n?
99
Suppose 5*o - 356 = -3*l, 3*l - 215 - 137 = -o. Suppose 6*y = -7*y + l. What is the remainder when y is divided by 3?
0
Let t(f) = 10*f**2 - 5*f**2 + 0*f**2 - 2*f - 2*f. Let y = -23 - -40. What is the remainder when t(3) is divided by y?
16
Suppose -2*m = 2*c - 530, -5*c - 771 = -3*m - 0*c. Suppose 5*s + 3*y = m, -3*y + 4*y + 213 = 4*s. Calculate the remainder when s is divided by 11.
9
Let t(q) = q**2 - 17*q + 103. Let c(a) = -9*a + 6. What is the remainder when c(-6) is divided by t(8)?
29
Suppose 0*w - 280 = 4*w. Let m = -53 - w. Calculate the remainder when 66 is divided by m.
15
Let t be 24/36 + (-4)/6. Let w be (-1 + t)*(-1 - -22). What is the remainder when 77 is divided by 4*(w/(-3) + -3)?
13
Let x(v) = -v**3 - 5*v**2 + 4*v - 8. Let a = 8136 - 8126. Calculate the remainder when a is divided by x(-6).
2
Suppose -220 = -25*t + 180. Calculate the remainder when 294 is divided by t.
6
Calculate the remainder when 27 is divided by (-10)/(-90)*6*(-18)/(-4).
0
Suppose 0 = -4*x + 2*x + 6. Let k(b) = -b**2 + 2*b - 5. Let r(h) = 1. Let y(u) = -k(u) - 6*r(u). What is the remainder when 5 is divided by y(x)?
1
Suppose -5*i - 20 = 0, -6*q + 328 = -q - 2*i. What is the remainder when 317 is divided by q?
61
Let n = 1662 + -1658. What is the remainder when 1218 is divided by n?
2
Let x(z) be the third derivative of 0*z - 10*z**2 - 1/3*z**3 - 7/24*z**4 + 0. What is the remainder when 55 is divided by x(-3)?
17
Suppose -y = 2*y + 4*w - 61, -4*w = y - 23. Calculate the remainder when 52 is divided by y.
14
Suppose t = 2*v + 17, -v - 5*t - 21 = -3*t. Calculate the remainder when v/((-4)/((-96)/(-3))) is divided by (0 - 1)/(2/(-46)).
19
Suppose 5*r = -11*r + 2000. What is the remainder when r is divided by 43?
39
Suppose 36*t = 51*t - 4875. What is the remainder when t is divided by 86?
67
Suppose 4*l + 7 - 23 = 0. Suppose -j - l*z - 148 = -3*j, 3*j - 254 = -2*z. What is the remainder when j is divided by 42?
40
Let u(l) = 21*l + 22. Let s(b) = 11*b + 11. Let c(o) = -7*s(o) + 4*u(o). Calculate the remainder when c(8) is divided by 17.
16
Suppose 23 = -6*z + 95. Let t(p) = 25*p + 3. Calculate the remainder when t(3) is divided by (z - 2)/(4/8).
18
Let y(d) = -d**3 + 5*d**2 + 2*d + 2. Suppose 231 = 6*n - 255. Suppose 4*l - 3*l = 2*w + 111, 4*w = -l + n. What is the remainder when l is divided by y(4)?
23
Let v(x) = 21*x - 38. Calculate the remainder when -3 - -21 - (-1 - 0) is divided by v(2).
3
Suppose 3*m = 5*w - 554, 9*w - m + 106 = 10*w. What is the remainder when w is divided by 16?
13
Suppose -c = v - 4 - 6, -5*c = 3*v - 58. What is the remainder when 181 is divided by c?
13
Let n = 119 + 2. Calculate the remainder when n is divided by 61.
60
Suppose 26 = -2*j + 4*j. Let i = 466 + -462. Calculate the remainder when j is divided by i.
1
Suppose 0 = -2*g + 4*g - 44. Let n = -107 - -150. What is the remainder when n is divided by g?
21
Suppose -2*a - h + 0*h + 308 = 0, 614 = 4*a + 3*h. Calculate the remainder when (0 - -1)*488/4 is divided by (-2)/((10/a)/(-1)).
29
Suppose 2*l - 10 = 4*x, -3*x - 8 = 3*l - 23. Let m(b) = b**3 - b + 77. Let d = -19 + 45. Calculate the remainder when m(x) is divided by d.
25
Suppose 5*d - 23 = -3*j, 33*j + 4*d - 28 = 30*j. Calculate the remainder when 638 is divided by j.
14
Suppose -4*o = -4*p - 8, 4*o = -o - 20. What is the remainder when 16 is divided by 1 + ((-1)/p - 55/(-30))?
1
Let n be (-1 - -3*7) + -1. Suppose n = 2*c + 7. What is the remainder when 20 is divided by c?
2
Let o(t) = 22*t**2 + t + 1. Let v = -1 - 0. Let k be o(v). Suppose 0 = -2*c - 0 + k. Calculate the remainder when 31 is divided by c.
9
Let u(g) = g**2 - 57*g + 191. What is the remainder when u(55) is divided by 64?
17
Suppose -12*g + 15*g = -6. What is the remainder when 40 is divided by (g - 6/8)*(0 + -4)?
7
Suppose 0 = -2*c + 1 + 27. Suppose -c*b + 33 = -11*b. What is the remainder when b is divided by 4?
3
What is the remainder when 3560/180 - 2/(-9) is divided by (18/9)/((-2)/(-11))?
9
Suppose 209*h = 199*h + 4050. Calculate the remainder when h is divided by 106.
87
Suppose 9*t - 3*t - 96 = 0. Suppose -t = 4*d - 56. What is the remainder when ((-48)/(-20))/((-4)/(-30)) is divided by d?
8
Let x be 1*((-16)/(-4) - -2). Suppose w + u = 12, -x*u + 2*u = w. What is the remainder when 77 is divided by w?
13
Let v = 19 + -19. Suppose 0 = -m + 5*i + 25, -52 = -4*m - v*i + 4*i. Suppose x + 0 = m. What is the remainder when x is divided by 4?
2
Suppose -6*q + 1100 - 224 = 0. What is the remainder when q is divided by 10?
6
Suppose -5*q - 4*f = -286, 0*q + 2*q - f - 104 = 0. Let l = -26 + q. What is the remainder when l is divided by 6?
4
Let l = -9 + 6. What is the remainder when (-4 - -1)/(l/3) is divided by 9*(1 + 2/(-3))?
0
Let o(r) = r**2 + 11*r - 928. Let w(h) = 3*h - 6. Calculat